23739 (base 14) to base 11
-59a85
-1131030114 (base 5) to base 6
-131344535
What is -248864 (base 10) in base 14?
-669a0
-11234302342 (base 5) to base 15
-11ce832
What is 11010010101000110 (base 2) in base 6?
2151142
What is -100131303 (base 4) in base 9?
-112456
Convert -21012012122221 (base 3) to base 9.
-7165587
What is 10232324 (base 5) in base 16?
1523d
Convert -4686 (base 15) to base 5.
-434401
What is 369b1 (base 13) in base 11?
69591
-1112022022001 (base 3) to base 6
-25232044
Convert -13243 (base 9) to base 5.
-241244
12303021132 (base 4) to base 13
4a5371
2a9d7b (base 14) to base 3
2210120000001
Convert 13121300114 (base 5) to base 15.
164e13e
What is -331189 (base 10) in base 4?
-1100312311
What is -15062060 (base 7) in base 6?
-50330042
Convert 111120000220210 (base 3) to base 11.
4080a5a
Convert -1110100111100111 (base 2) to base 11.
-40a96
-25303220 (base 7) to base 15
-3028e8
What is 94336 (base 12) in base 8?
572732
1100011001011110100 (base 2) to base 3
202122021200
-134d48 (base 16) to base 11
-794431
-367680 (base 9) to base 12
-a86a6
What is -1042652 (base 12) in base 14?
-5a0022
Convert -1100211220012 (base 3) to base 11.
-455a05
-3010132001 (base 4) to base 10
-804737
-554732 (base 11) to base 3
-1122221112102
What is -13102566 (base 7) in base 2?
-100100011100100100100
-176377 (base 9) to base 12
-53567
Convert -30fa (base 16) to base 15.
-3aad
Convert 11c33a9 (base 14) to base 2.
100000100100010011101001
What is 5993607 (base 11) in base 12?
35b7a13
What is 16471b (base 13) in base 5?
120141104
What is 412c65 (base 13) in base 9?
2766333
What is -10101110101000110100 (base 2) in base 10?
-715316
-1b3863a (base 13) to base 16
-89903a
Convert -785437 (base 9) to base 16.
-72b4a
-6e058 (base 15) to base 4
-1111231223
Convert -76350 (base 11) to base 13.
-3b621
What is 7002e (base 16) in base 3?
212022100112
-102400341 (base 5) to base 2
-1101010000100100111
What is 220587 (base 10) in base 2?
110101110110101011
Convert 2110100000 (base 3) to base 7.
260661
What is 24430131 (base 6) in base 3?
1110201002001
What is 10254442 (base 6) in base 15?
5eba2
-1c483 (base 16) to base 14
-30307
What is 136309 (base 11) in base 7?
1545650
What is -10001011001100100010 (base 2) in base 14?
-10baca
55530635 (base 7) to base 8
22232116
What is 1414052 (base 8) in base 4?
1201200222
Convert -23685a2 (base 12) to base 7.
-112200563
Convert -292786 (base 10) to base 9.
-485557
-21022100211 (base 3) to base 13
-50647
Convert 4326072 (base 8) to base 2.
100011010110000111010
What is -727445 (base 8) in base 4?
-322330211
Convert -6320202 (base 8) to base 5.
-412220430
100221310002 (base 4) to base 16
429d02
-110100100010110000 (base 2) to base 13
-76c61
4a9c9c (base 16) to base 7
56363564
Convert -124042220 (base 5) to base 15.
-c15c5
Convert a0b6d4 (base 14) to base 5.
2341103121
Convert 181085 (base 11) to base 8.
1042063
What is -11195 (base 14) in base 9?
-62816
Convert -100122033 (base 4) to base 15.
-14db0
-1011200022 (base 3) to base 11
-16394
What is 702740 (base 8) in base 2?
111000010111100000
What is 141c8 (base 14) in base 3?
2112021010
Convert 101100001001111000 (base 2) to base 8.
541170
Convert -3153351 (base 6) to base 3.
-21212122011
Convert -14541546 (base 9) to base 10.
-7231398
Convert -114020412 (base 5) to base 6.
-15225435
Convert -1471247 (base 8) to base 14.
-addd5
What is -2901a (base 14) in base 5?
-11222202
-c4456 (base 13) to base 3
-122220012221
What is 34b309a (base 12) in base 6?
1002200314
-90975 (base 14) to base 7
-2645305
Convert -59847 (base 12) to base 11.
-82540
What is 31054303 (base 9) in base 13?
312352b
What is -16910051 (base 10) in base 4?
-1000200123203
-44299 (base 10) to base 16
-ad0b
290b (base 12) to base 10
4763
What is 888b6 (base 14) in base 9?
554046
Convert -4121149 (base 11) to base 15.
-98b707
Convert 110111100101001100 (base 2) to base 12.
ab8b8
What is -a9818 (base 11) in base 7?
-1232440
Convert -478803 (base 9) to base 14.
-7726a
-104482 (base 9) to base 10
-62363
120111201210002 (base 3) to base 9
16451702
Convert -100021313 (base 4) to base 14.
-1a183
Convert -40116 (base 15) to base 13.
-7138b
Convert -4423033410 (base 5) to base 2.
-100100100010111111000000
What is -18a73 (base 11) in base 9?
-40412
120031231302 (base 4) to base 5
3111111014
Convert -7553866 (base 10) to base 6.
-425523334
What is 22110002200 (base 3) in base 14?
44856
Convert 184308 (base 9) to base 16.
1c010
Convert -6033002 (base 7) to base 16.
-ae590
-273713 (base 10) to base 9
-456415
Convert 121481b (base 15) to base 4.
301133303132
Convert a371a (base 11) to base 7.
1200011
Convert -1480173 (base 9) to base 10.
-820272
Convert 299173 (base 11) to base 9.
780264
Convert -20325414 (base 6) to base 15.
-b8e01
42140346 (base 7) to base 4
31210023132
Convert -6807b4 (base 14) to base 9.
-6578178
Convert -1110211200212 (base 3) to base 5.
-200043214
10101311113 (base 4) to base 3
2002222120121
-84c985 (base 15) to base 8
-30070026
What is -54c6f (base 16) in base 11?
-21798a
-111000100110000100011 (base 2) to base 14
-363ba3
Convert 30403 (base 13) to base 5.
10230422
Convert -120120000110 (base 3) to base 16.
-4ac10
What is -3222112111 (base 4) in base 16?
-ea595
-432032435 (base 6) to base 15
-a136eb
Convert -2a478 (base 14) to base 6.
-2130510
Convert 5ba2 (base 14) to base 11.
11042
What is 2161634 (base 7) in base 13?
947ba
1268b (base 16) to base 3
10211102201
-10000001100011110010 (base 2) to base 10
-530674
1101001001111111101001 (base 2) to base 13
939a20
What is 487832 (base 9) in base 2?
1000111111001000000
What is -1101233420 (base 5) in base 12?
-962441
111010010100011111 (base 2) to base 15
4aba4
232551 (base 6) to base 15
5e3d
Convert -9eb6ae (base 15) to base 6.
-430300432
1200416 (base 9) to base 8
2365226
12a1c (base 14) to base 5
2432030
10002011022 (base 3) to base 14
18143
2099120 (base 11) to base 7
43224211
What is -9243909 (base 10) in base 7?
-141400113
-21112113 (base 4) to base 10
-38295
Convert 2673685 (base 9) to base 11.
911354
What is 3066270 (base 8) in base 11?
506850
1031255 (base 7) to base 8
364625
What is -132212430 (base 5) in base 7?
-5432242
Convert 2831278 (base 9) to base 15.
20b02e
What is 10111011000110101 (base 2) in base 13?
347b0
Convert -40234545 (base 8) to base 9.
-16837048
Convert 53838 (base 11) to base 4.
103011333
What is 3024441 (base 6) in base 10?
143593
What is -13221121023 (base 4) in base 15?
-298e20
What is 1c04260 (base 13) in base 7?
141656002
1010010010011000011 (base 2) to base 9
563355
-14137538 (base 9) to base 6
-405515012
-735511 (base 9) to base 10
-437086
Convert 82c66 (base 13) to base 16.
395f2
What is -5165 (base 7) in base 9?
-2432
Convert 597982 (base 10) to base 15.
bc2a7
5633288 (base 11) to base 4
211222033231
-110210011010 (base 3) to base 11
-162052
Convert 81571d (base 14) to base 8.
20474037
What is 71530650 (base 8) in base 12?
5091348
Convert 44591 (base 12) to base 14.
25097
-2213231301 (base 4) to base 15
-d8826
545415410 (base 6) to base 2
100101010100110110011110
3714a2 (base 12) to base 6
31055122
Convert -23a260 (base 12) to base 4.
-2030333220
What is 18b457 (base 13) in base 15?
c5166
What is -212221000200 (base 3) in base 8?
-1627650
Convert -1132371 (base 8) to base 4.
-1023103321
-569190 (base 10) to base 14
-10b606
-1c158 (base 14) to base 2
-10001011111000010
Convert 4082102 (base 10) to base 11.
2338a42
323404210 (base 6) to base 11
3291702
Convert 11211221211 (base 3) to base 16.
174eb
-264931 (base 12) to base 8
-2317065
1c0669 (base 15) to base 4
11032010010
What is -102012001022220 (base 3) in base 15?
-7c6840
What is 241330012 (base 6) in base 9?
8508308
What is 43201a (base 11) in base 6?
22450110
What is 32001213 (base 5) in base 3?
111111121202
1464341 (base 7) to base 11
127984
What is 92b928 (base 12) in base 11?
1331aa8
-34323232 (base 5) to base 16
-4b2e6
What is -6260331 (base 8) in base 10?
-1663193
-15475182 (base 9) to base 11
-43a7805
What is -24313230 (base 6) in base 9?
-1405710
Convert -581738 (base 10) to base 6.
-20245122
16336454 (base 7) to base 2
110000100000001101010
-d00e (base 16) to base 3
-2201001200
Convert -4132023 (base 5) to base 4.
-100202303
-4671713 (base 8) to base 13
-35